{"id":602,"date":"2016-03-15T16:03:40","date_gmt":"2016-03-15T14:03:40","guid":{"rendered":"http:\/\/www.mglos.se\/wp\/?page_id=181"},"modified":"2022-01-10T11:51:56","modified_gmt":"2022-01-10T10:51:56","slug":"kort-beskrivning-av-de-fem-hitta-programmen","status":"publish","type":"page","link":"https:\/\/mglos.se\/?page_id=602","title":{"rendered":"Kort beskrivning av de fem Hitta-versionerna"},"content":{"rendered":"\n<figure class=\"wp-block-image size-full is-resized\"><img loading=\"lazy\" decoding=\"async\" src=\"https:\/\/mglos.se\/wp-content\/uploads\/2016\/03\/YellowDatorgubbeSmall.bmp\" alt=\"\" class=\"wp-image-1024\" width=\"66\" height=\"63\"\/><\/figure>\n\n\n<p>Det finns fem versioner av Hitta \u00f6vningar, illustrerad med gul gubbe, n\u00e4mligen:\u00a0<\/p>\n<ul>\n<li>\u00a02. <strong>Hitta Ord\/OrdDel<\/strong> (L\u00e4s-Skriv har nummer 1)<\/li>\n<li>\u00a03. <strong>Hitta Diagnos <\/strong><\/li>\n<li>\u00a04. <strong>Hitta Ordf\u00f6rst\u00e5else <\/strong><\/li>\n<li>\u00a05. <strong>Hitta Fras <\/strong><\/li>\n<li>\u00a06. <strong>Hitta Diagnos II<\/strong><\/li>\n<\/ul>\n<p>I Hitta \u00f6vningar ska eleven efter flash-cardexponeringen l\u00e4sa ett antal alternativ och av dessa v\u00e4lja ut det korrekta. H\u00e4r g\u00e4ller allts\u00e5 l\u00e4srespons och inte som i L\u00e4s-Skriv \u00f6vningar stavningsrespons.<\/p>\n<p>Som i L\u00e4s-Skriv \u00f6vningar kan exponeringstid och tidspress st\u00e4llas in f\u00f6r den enskilde eleven. Det \u00e4r endera ett ord, en orddel, en fras eller en mening som exponeras fram p\u00e5 sk\u00e4rmen, se kommande beskrivningar i detta avsnitt. Beslutstiden att v\u00e4lja ut det korrekta svarsalternativet registreras. I sammanst\u00e4llningen \u00f6ver resultat kan man f\u00f6rutom sammanlagd tid ocks\u00e5 se tiden f\u00f6r varje enskilt svar. Eleven f\u00e5r en po\u00e4ng som \u00e4r baserad p\u00e5 exponeringstid, antal r\u00e4tt samt anv\u00e4nd tid att svara.<\/p>\n<p>Vissa av \u00f6vningarna utg\u00f6rs av diagnoser i syfte att ta reda p\u00e5 om en elev tenderar att l\u00e4sa en viss sorts fel, t.ex. utel\u00e4mningar, omkastningar, till\u00e4gg eller f\u00f6rv\u00e4xlingar. Det finns ocks\u00e5 diagnoser som pr\u00f6var om en elev hellre l\u00e4ser r\u00e4tt i b\u00f6rjan av ett ord \u00e4n i slutet och vice versa.<\/p>\n<p>I <strong>Hitta Ord<\/strong> och <strong>Hitta Orddel<\/strong> slumpas vilket av de maximalt fem\u00a0orden som kommer att exponeras. I svarsdelen visas alla orden och eleven ska avg\u00f6ra vilket som visades\u00a0f\u00f6rst. \u00c4ven i svarsdelen slumpas ordningen bland de valbara alternativen.<\/p>\n<p>I <strong>Hitta Diagnos<\/strong>\u00a0\u00e4r syftet att se om eleven har en tendens att g\u00f6ra en viss feltyp. F\u00f6rst exponeras det r\u00e4tta ordet och d\u00e4refter det r\u00e4tta ordet samt de upp till fyra felalternativen. De felaktiga alternativen kan i f\u00f6rv\u00e4g kopplas\u00a0till olika feltyper. Eleven ska avg\u00f6ra vilket det r\u00e4tta ordet \u00e4r. Ordningen bland de valbara alternativen slumpas.<\/p>\n<p>I <strong>Hitta Ordf\u00f6rst\u00e5else<\/strong> ska eleven ta reda p\u00e5 synonymordet till det f\u00f6rst exponerade ordet. \u00d6vningar finns \u00e4ven med synonymord i\u00a0meningar samt motsatsord.<\/p>\n<p>I\u00a0<strong>Hitta Fras<\/strong> presenteras ofullst\u00e4ndiga fraser. Elevens uppgift\u00a0\u00e4r att ta reda p\u00e5 vilket ord som \u00e4r det r\u00e4tta ordet att avsluta frasen med.<\/p>\n<p>I\u00a0<strong>Hitta Diagnos II<\/strong>\u00a0presenteras en uppgift och eleven ska v\u00e4lja det r\u00e4tta svaret. Det finns flera olika typer av diagnoser, bland annat ortografisk diagnos fr\u00e5n KOAS-diagnoserna och fonologiska diagnoser.<\/p>","protected":false},"excerpt":{"rendered":"<p>Det finns fem versioner av Hitta \u00f6vningar, illustrerad med gul gubbe, n\u00e4mligen:\u00a0 \u00a02. Hitta Ord\/OrdDel (L\u00e4s-Skriv har nummer 1) \u00a03. Hitta Diagnos \u00a04. Hitta Ordf\u00f6rst\u00e5else \u00a05. Hitta Fras \u00a06. Hitta Diagnos II I Hitta \u00f6vningar ska eleven efter flash-cardexponeringen l\u00e4sa &hellip; <a href=\"https:\/\/mglos.se\/?page_id=602\">Forts\u00e4tt l\u00e4sa <span class=\"meta-nav\">&rarr;<\/span><\/a> <a href=\"https:\/\/mglos.se\/?page_id=602\">Forts\u00e4tt l\u00e4sa <span class=\"meta-nav\">&rarr;<\/span><\/a><\/p>\n","protected":false},"author":2,"featured_media":0,"parent":0,"menu_order":0,"comment_status":"closed","ping_status":"closed","template":"","meta":{"footnotes":""},"class_list":["post-602","page","type-page","status-publish","hentry"],"_links":{"self":[{"href":"https:\/\/mglos.se\/index.php?rest_route=\/wp\/v2\/pages\/602","targetHints":{"allow":["GET"]}}],"collection":[{"href":"https:\/\/mglos.se\/index.php?rest_route=\/wp\/v2\/pages"}],"about":[{"href":"https:\/\/mglos.se\/index.php?rest_route=\/wp\/v2\/types\/page"}],"author":[{"embeddable":true,"href":"https:\/\/mglos.se\/index.php?rest_route=\/wp\/v2\/users\/2"}],"replies":[{"embeddable":true,"href":"https:\/\/mglos.se\/index.php?rest_route=%2Fwp%2Fv2%2Fcomments&post=602"}],"version-history":[{"count":1,"href":"https:\/\/mglos.se\/index.php?rest_route=\/wp\/v2\/pages\/602\/revisions"}],"predecessor-version":[{"id":1759,"href":"https:\/\/mglos.se\/index.php?rest_route=\/wp\/v2\/pages\/602\/revisions\/1759"}],"wp:attachment":[{"href":"https:\/\/mglos.se\/index.php?rest_route=%2Fwp%2Fv2%2Fmedia&parent=602"}],"curies":[{"name":"wp","href":"https:\/\/api.w.org\/{rel}","templated":true}]}}