{"id":567,"date":"2018-08-15T13:43:50","date_gmt":"2018-08-15T11:43:50","guid":{"rendered":"http:\/\/www.mglos.se\/wp\/?page_id=567"},"modified":"2022-10-28T12:33:57","modified_gmt":"2022-10-28T10:33:57","slug":"informationshantering-i-programmet","status":"publish","type":"page","link":"https:\/\/mglos.se\/?page_id=567","title":{"rendered":"Informationshantering i programmet"},"content":{"rendered":"<p>Detta avsnitt beskriver informationshanteringen i MG Program 2015 som administreras av MG L\u00e4s-och skrivkonsult AB tillsammans med underleverant\u00f6ren G\u00f6rbo AB.<\/p>\n<p>MG Program 2015 kr\u00e4ver en anslutning till internet eftersom programmet kommunicerar med en egen server som \u00e4r placerad i Microsofts molntj\u00e4nst Azure i Sverige. Programmet kommunicerar med https och d\u00e4rmed \u00e4r informationen som \u00f6verf\u00f6rs textskyddad (krypterad).<\/p>\n<p>Inga personliga uppgifter beh\u00f6ver anges f\u00f6r att kunna nyttja programmet. Den m\u00e4ngd personlig information som anv\u00e4ndarna frivilligt kan spara \u00e4r begr\u00e4nsad till namn samt epost-adress. Alla uppgifter anv\u00e4ndarna matar in kan de \u00e4ven sj\u00e4lva editera eller radera. L\u00e4rare som hanterar sina elever kan radera allt (inklusive \u00f6vningar, resultat och inst\u00e4llningar) som de sj\u00e4lva eller eleverna sparat i databasen. F\u00f6r att radera uppgifter som r\u00f6r licensen s\u00e5som namn p\u00e5 skola\/skolomr\u00e5de\/kommun samt kundens kontaktuppgifter beh\u00f6ver MG L\u00e4s-och skrivkonsult AB kontaktas.<\/p>\n<p>Raderad information f\u00f6rsvinner direkt ur databasen men det finns kopior p\u00e5 databasen som en backup (upp till tre m\u00e5nader bak\u00e5t i tiden) f\u00f6r att s\u00e4kerst\u00e4lla en \u00e5terst\u00e4llning efter ett eventuellt datahaveri.<br \/>\nF\u00f6r att underl\u00e4tta en eventuell teknisk fels\u00f6kning finns i servern en loggning som f\u00f6rutom teknisk information fr\u00e5n MG Program 2015 upp- och nedkoppling inneh\u00e5ller klientens externa IP-adress. Den tekniska informationen sparas i upp till tv\u00e5 veckor.<\/p>\n<p>Det finns en m\u00f6jlighet f\u00f6r l\u00e4rarna i programmet att \u00f6verf\u00f6ra elever till andra l\u00e4rare som tillh\u00f6r en annan licens\/kund. L\u00e4rare kan \u00e4ven dela ut sina egna skapade \u00f6vningar till andra l\u00e4rare. Ut\u00f6ver ovanst\u00e5ende sker inte n\u00e5gon vidarebefordran av kund- eller personuppgifter till extern part utan att vederb\u00f6rande godk\u00e4nt eller beg\u00e4rt en \u00f6verl\u00e4mning av uppgifter.<\/p>\n","protected":false},"excerpt":{"rendered":"<p>Detta avsnitt beskriver informationshanteringen i MG Program 2015 som administreras av MG L\u00e4s-och skrivkonsult AB tillsammans med underleverant\u00f6ren G\u00f6rbo AB. MG Program 2015 kr\u00e4ver en anslutning till internet eftersom programmet kommunicerar med en egen server som \u00e4r placerad i Microsofts &hellip; <a href=\"https:\/\/mglos.se\/?page_id=567\">Forts\u00e4tt l\u00e4sa <span class=\"meta-nav\">&rarr;<\/span><\/a> <a href=\"https:\/\/mglos.se\/?page_id=567\">Forts\u00e4tt l\u00e4sa <span class=\"meta-nav\">&rarr;<\/span><\/a><\/p>\n","protected":false},"author":2,"featured_media":0,"parent":0,"menu_order":0,"comment_status":"closed","ping_status":"closed","template":"","meta":{"footnotes":""},"class_list":["post-567","page","type-page","status-publish","hentry"],"_links":{"self":[{"href":"https:\/\/mglos.se\/index.php?rest_route=\/wp\/v2\/pages\/567","targetHints":{"allow":["GET"]}}],"collection":[{"href":"https:\/\/mglos.se\/index.php?rest_route=\/wp\/v2\/pages"}],"about":[{"href":"https:\/\/mglos.se\/index.php?rest_route=\/wp\/v2\/types\/page"}],"author":[{"embeddable":true,"href":"https:\/\/mglos.se\/index.php?rest_route=\/wp\/v2\/users\/2"}],"replies":[{"embeddable":true,"href":"https:\/\/mglos.se\/index.php?rest_route=%2Fwp%2Fv2%2Fcomments&post=567"}],"version-history":[{"count":1,"href":"https:\/\/mglos.se\/index.php?rest_route=\/wp\/v2\/pages\/567\/revisions"}],"predecessor-version":[{"id":1939,"href":"https:\/\/mglos.se\/index.php?rest_route=\/wp\/v2\/pages\/567\/revisions\/1939"}],"wp:attachment":[{"href":"https:\/\/mglos.se\/index.php?rest_route=%2Fwp%2Fv2%2Fmedia&parent=567"}],"curies":[{"name":"wp","href":"https:\/\/api.w.org\/{rel}","templated":true}]}}