{"id":162,"date":"2016-03-14T17:11:09","date_gmt":"2016-03-14T15:11:09","guid":{"rendered":"http:\/\/www.mglos.se\/wp\/?page_id=162"},"modified":"2023-07-19T18:32:00","modified_gmt":"2023-07-19T16:32:00","slug":"forskning-flash-cardtraning","status":"publish","type":"page","link":"https:\/\/mglos.se\/?page_id=162","title":{"rendered":"Forskning flash-cardtr\u00e4ning"},"content":{"rendered":"<p>L\u00e4nk till Heidi Selenius rapport: <a href=\"https:\/\/www.stat-inst.se\/webbshop\/8-2022-datoriserad-flash-cardmetod-som-lasintervention-for-ungdomar-placerade-vid-sarskilda-ungdomshem\/\">Datoriserad flash-cardmetod som l\u00e4sintervention f\u00f6r ungdomar placerade vid s\u00e4rskilda ungdomshem &#8211; SiS &#8211; Statens institutionsstyrelse (stat-inst.se)<\/a><\/p>\n<p>L\u00e4nk till Maj-Gun Johanssons doktorsavhandling med L\u00e4s-Skriv:<br \/>\n<a href=\"https:\/\/www.umu.se\/nyheter\/datoriserad-traningsmetod-i-lasflyt-och-stavning-_5836071\/\" target=\"_blank\" rel=\"noopener noreferrer\">http:\/\/umu.diva-portal.org\/smash\/get\/diva2:283881\/FULLTEXT01.pdf<\/a><\/p>\n<p>L\u00e4nk till examensarbete med Hitta Ord:<br \/>\n<a href=\"http:\/\/www.diva-portal.se\/smash\/get\/diva2:537552\/FULLTEXT01.pdf\" target=\"_blank\" rel=\"noopener noreferrer\">http:\/\/www.diva-portal.se\/smash\/get\/diva2:537552\/FULLTEXT01.pdf<\/a><\/p>\n<p>L\u00e4nk till holl\u00e4ndsk rapport om avkodning d\u00e4r tidspressad flash-cardtr\u00e4ning j\u00e4mf\u00f6rs med ej tidspressad:<br \/>\n<a href=\"http:\/\/members.ziggo.nl\/karel.vandenbosch\/documents\/1995_Bosch_etal_RRQ_Poor_Readers'_Decoding_Skills.pdf\" target=\"_blank\" rel=\"noopener noreferrer\">http:\/\/members.ziggo.nl\/karel.vandenbosch\/documents\/1995_Bosch_etal_RRQ_Poor_Readers&#8217;_Decoding_Skills.pdf<\/a><\/p>\n<p>Ytterligare l\u00e4nk till holl\u00e4ndsk rapport om avkodning med flash-cardmetoden:<br \/>\n<a href=\"http:\/\/link.springer.com\/article\/10.1023%2FA%3A1007921805360#page-1\" target=\"_blank\" rel=\"noopener noreferrer\">http:\/\/link.springer.com\/article\/10.1023%2FA%3A1007921805360#page-1<\/a><\/p>\n","protected":false},"excerpt":{"rendered":"<p>L\u00e4nk till Heidi Selenius rapport: Datoriserad flash-cardmetod som l\u00e4sintervention f\u00f6r ungdomar placerade vid s\u00e4rskilda ungdomshem &#8211; SiS &#8211; Statens institutionsstyrelse (stat-inst.se) L\u00e4nk till Maj-Gun Johanssons doktorsavhandling med L\u00e4s-Skriv: http:\/\/umu.diva-portal.org\/smash\/get\/diva2:283881\/FULLTEXT01.pdf L\u00e4nk till examensarbete med Hitta Ord: http:\/\/www.diva-portal.se\/smash\/get\/diva2:537552\/FULLTEXT01.pdf L\u00e4nk till holl\u00e4ndsk rapport &hellip; <a href=\"https:\/\/mglos.se\/?page_id=162\">Forts\u00e4tt l\u00e4sa <span class=\"meta-nav\">&rarr;<\/span><\/a> <a href=\"https:\/\/mglos.se\/?page_id=162\">Forts\u00e4tt l\u00e4sa <span class=\"meta-nav\">&rarr;<\/span><\/a><\/p>\n","protected":false},"author":2,"featured_media":0,"parent":0,"menu_order":0,"comment_status":"closed","ping_status":"closed","template":"","meta":{"footnotes":""},"class_list":["post-162","page","type-page","status-publish","hentry"],"_links":{"self":[{"href":"https:\/\/mglos.se\/index.php?rest_route=\/wp\/v2\/pages\/162","targetHints":{"allow":["GET"]}}],"collection":[{"href":"https:\/\/mglos.se\/index.php?rest_route=\/wp\/v2\/pages"}],"about":[{"href":"https:\/\/mglos.se\/index.php?rest_route=\/wp\/v2\/types\/page"}],"author":[{"embeddable":true,"href":"https:\/\/mglos.se\/index.php?rest_route=\/wp\/v2\/users\/2"}],"replies":[{"embeddable":true,"href":"https:\/\/mglos.se\/index.php?rest_route=%2Fwp%2Fv2%2Fcomments&post=162"}],"version-history":[{"count":2,"href":"https:\/\/mglos.se\/index.php?rest_route=\/wp\/v2\/pages\/162\/revisions"}],"predecessor-version":[{"id":1997,"href":"https:\/\/mglos.se\/index.php?rest_route=\/wp\/v2\/pages\/162\/revisions\/1997"}],"wp:attachment":[{"href":"https:\/\/mglos.se\/index.php?rest_route=%2Fwp%2Fv2%2Fmedia&parent=162"}],"curies":[{"name":"wp","href":"https:\/\/api.w.org\/{rel}","templated":true}]}}