{"id":1290,"date":"2022-01-04T15:28:05","date_gmt":"2022-01-04T14:28:05","guid":{"rendered":"https:\/\/mglos.se\/?page_id=1290"},"modified":"2022-01-25T17:26:57","modified_gmt":"2022-01-25T16:26:57","slug":"hamta-las-skriv-2006","status":"publish","type":"page","link":"https:\/\/mglos.se\/?page_id=1290","title":{"rendered":"H\u00e4mta L\u00e4s-Skriv 2006"},"content":{"rendered":"\n<p>MG-programmet L\u00e4s-Skriv 2006 s\u00e4ljs normalt inte numera. Undantag kan vi g\u00f6ra till &#8221;gamla&#8221; kunder, som p\u00e5 sina f\u00f6re detta arbetsplatser arbetat med den versionen.<\/p>\n\n\n\n<p><strong>Installationanvisningar till&nbsp; L\u00e4s-Skriv version 2006<\/strong><\/p>\n\n\n\n<p><a href=\"https:\/\/mglos.se\/arkivet\/MGLS2006_32bit.exe\">Sj\u00e4lvuppackande installationsfil av L\u00e4sSkriv 2006, 32 bit<\/a><\/p>\n\n\n\n<p><a href=\"https:\/\/mglos.se\/arkivet\/MGLS2006_64bit.exe\">Sj\u00e4lvuppackande installationfil L\u00e4s-Skriv 2006, 64 bit<\/a><\/p>\n\n\n\n<p><a href=\"https:\/\/mglos.se\/arkivet\/ManualLasSkriv2006.PDF\">Manual till L\u00e4sSkriv 2006<\/a><\/p>\n\n\n\n<p>Ladda hem installationsprogrammet och spara det p\u00e5 valfri plats. K\u00f6r sedan installationsprogrammet och f\u00f6lj anvisningarna! Finns en tidigare version av L\u00e4s-Skriv i den installationskatalog som v\u00e4ljs (vanl. C:\\Program\\Mglos) kommer sj\u00e4lva programmet samt MG original bokfiler att ers\u00e4ttas, men \u00f6vriga datafiler som logg- och ljudfiler blir kvar. Det som ocks\u00e5 h\u00e4nder \u00e4r att programmet blir en demoversion efter installationen och aktiveras till en fullst\u00e4ndig version med hj\u00e4lp av m\u00e4rkningsuppgifterna.&nbsp;<\/p>\n\n\n\n<p><strong>Inloggning och Konfigurering<\/strong><\/p>\n\n\n\n<p><strong>OBS!<\/strong>&nbsp; N\u00e4r installationen \u00e4r klar ska programmet <strong>startas med administrat\u00f6rsr\u00e4ttigheter<\/strong> <strong>n\u00e4r det ska konfigureras<\/strong> (valbar via h\u00f6gerklick) i programgruppen MG Specialundervisning och d\u00e4refter klicka p\u00e5 Namn-knappen i huvudmenyn.<\/p>\n\n\n\n<p>Logga in med:<\/p>\n\n\n\n<p>Anv.ID: <strong>Admin<\/strong><\/p>\n\n\n\n<p>L\u00f6senord: <strong>****** (se licensbevis eller kontakta support 070 2116704, maj-gun@mglos.se)<\/strong><strong><\/strong><\/p>\n\n\n\n<p>Klicka p\u00e5 Konfigurering! B\u00f6rja med att aktivera programmet till fullv\u00e4rdig version med m\u00e4rkningsuppgifterna:<\/p>\n\n\n\n<p>M\u00e4rkningsuppgifter: ******* <strong>(se licensbevis)<\/strong> <strong><\/strong><\/p>\n\n\n\n<p><strong>Skrivr\u00e4ttigheter i mappar med datafiler<\/strong><strong><\/strong><\/p>\n\n\n\n<p>Vid punkt 3 i konfigureringen finns m\u00f6jlighet att \u00e4ndra s\u00f6kv\u00e4g till de datafiler programmet arbetar med. Denna nyhet i programmet \u00e4r fr\u00e4mst t\u00e4nkt vid installation i n\u00e4tverk, men problem med skrivr\u00e4ttigheter kan \u00e4ven uppst\u00e5 vid lokal installation p\u00e5 en dator med flera anv\u00e4ndare (som inte har administrat\u00f6rsr\u00e4ttigheter). Med den <a><\/a><a>katalog<\/a> installationsprogrammet f\u00f6resl\u00e5r (C:\\Program\\Mglos) kan det n\u00e4mligen bli problem f\u00f6r \u00f6vriga anv\u00e4ndare \u00e4n installat\u00f6ren.<\/p>\n\n\n\n<p>Ett alternativ till att flytta datafilerna \u00e4r att redan vid installation v\u00e4lja en katalog d\u00e4r alla anv\u00e4ndare har skrivr\u00e4ttigheter, exv:<em> <strong>C:\\Documents and Settings\\All Users\\Application Data\\Mglos.<\/strong><\/em><\/p>\n\n\n\n<p><strong>L\u00e4rarlogg och elevloggar<\/strong><strong><\/strong><\/p>\n\n\n\n<p>OBS! <em>Administrat\u00f6ren b\u00f6r \u00e5tminstone g\u00f6ra en l\u00e4rarlogg<\/em>. L\u00e4raren kan sedan g\u00f6ra loggar till sina elever, se loggar i hj\u00e4lpen. Elevloggar \u00e4r n\u00f6dv\u00e4ndiga f\u00f6r att enskilda elevers resultat ska kunna utv\u00e4rderas. L\u00e4rare kan ocks\u00e5 g\u00f6ra l\u00e4rarloggar till andra l\u00e4rare. L\u00e4rarloggen b\u00f6r f\u00f6rses med l\u00f6senord f\u00f6r att f\u00f6rhindra att elever g\u00e5r in i den. Olika l\u00e4rare kan ha olika l\u00f6senord.<\/p>\n\n\n\n<p><strong>Manual och protokollistor<\/strong> kan skrivas ut via Word. Kan laddas ner fr\u00e5n hemsidan.<\/p>\n","protected":false},"excerpt":{"rendered":"<p>MG-programmet L\u00e4s-Skriv 2006 s\u00e4ljs normalt inte numera. Undantag kan vi g\u00f6ra till &#8221;gamla&#8221; kunder, som p\u00e5 sina f\u00f6re detta arbetsplatser arbetat med den versionen. Installationanvisningar till&nbsp; L\u00e4s-Skriv version 2006 Sj\u00e4lvuppackande installationsfil av L\u00e4sSkriv 2006, 32 bit Sj\u00e4lvuppackande installationfil L\u00e4s-Skriv 2006, &hellip; <a href=\"https:\/\/mglos.se\/?page_id=1290\">Forts\u00e4tt l\u00e4sa <span class=\"meta-nav\">&rarr;<\/span><\/a><\/p>\n","protected":false},"author":1,"featured_media":0,"parent":0,"menu_order":0,"comment_status":"closed","ping_status":"closed","template":"","meta":{"footnotes":""},"class_list":["post-1290","page","type-page","status-publish","hentry"],"_links":{"self":[{"href":"https:\/\/mglos.se\/index.php?rest_route=\/wp\/v2\/pages\/1290","targetHints":{"allow":["GET"]}}],"collection":[{"href":"https:\/\/mglos.se\/index.php?rest_route=\/wp\/v2\/pages"}],"about":[{"href":"https:\/\/mglos.se\/index.php?rest_route=\/wp\/v2\/types\/page"}],"author":[{"embeddable":true,"href":"https:\/\/mglos.se\/index.php?rest_route=\/wp\/v2\/users\/1"}],"replies":[{"embeddable":true,"href":"https:\/\/mglos.se\/index.php?rest_route=%2Fwp%2Fv2%2Fcomments&post=1290"}],"version-history":[{"count":5,"href":"https:\/\/mglos.se\/index.php?rest_route=\/wp\/v2\/pages\/1290\/revisions"}],"predecessor-version":[{"id":1835,"href":"https:\/\/mglos.se\/index.php?rest_route=\/wp\/v2\/pages\/1290\/revisions\/1835"}],"wp:attachment":[{"href":"https:\/\/mglos.se\/index.php?rest_route=%2Fwp%2Fv2%2Fmedia&parent=1290"}],"curies":[{"name":"wp","href":"https:\/\/api.w.org\/{rel}","templated":true}]}}